*2 + 18*q - 20. What is the remainder when 448 is divided by n(1)?
4
Let z = -22 - -81. Let q = -40 + z. Calculate the remainder when 55 is divided by q.
17
Let c = -72 + 76. Calculate the remainder when 9 is divided by c.
1
Suppose 5*r + 0*t + 4*t = 115, 4*r + 4*t = 88. Calculate the remainder when 45 is divided by r.
18
Suppose -2*i = 3*l + 2*i - 61, 0 = 3*i + 15. Suppose -3*y = -4*y + 14. Calculate the remainder when l is divided by y.
13
Let w = -29 - -22. Calculate the remainder when 28 is divided by (49/w + 4)/((-3)/10).
8
Let s(t) be the second derivative of 17*t**4/12 - t**2/2 + 2*t. Let g be s(1). What is the remainder when 31 is divided by (1 + 1)*g/2?
15
Suppose -4*c + 5*y + 147 + 334 = 0, 0 = 2*c + y - 223. Calculate the remainder when 117 is divided by c.
3
Suppose -2*z + 92 = -84. Suppose -8*p = -12*p + z. Calculate the remainder when 38 is divided by p.
16
Let n = 8 + 0. Let t = n + 0. Suppose 1 + t = h. Calculate the remainder when h is divided by 2.
1
Suppose s = -4*s - 5*k + 575, 5*s = -3*k + 567. What is the remainder when s is divided by (-3)/((-15)/16)*5?
15
Let k = 84 + -16. What is the remainder when k is divided by 9?
5
Suppose 0 = 3*b + 2*b + 5, -5*u + 2*b - 308 = 0. Let x = u + -98. Calculate the remainder when (6/8)/((-4)/x) is divided by 16.
14
Let z = 217 - 113. What is the remainder when z is divided by 18?
14
Let a = 17 - 4. Suppose g + 10*s - 5*s = 11, 0 = -3*g - 2*s + 85. Suppose -a = -2*z + g. Calculate the remainder when 65 is divided by z.
21
Suppose -18*y = 7*y - 1325. Calculate the remainder when y is divided by 14.
11
Suppose -8*a + 116 = 12. Suppose -23 = -3*k + a. What is the remainder when k is divided by 5?
2
Suppose 35*u + 189 = 44*u. What is the remainder when u is divided by 4?
1
Let b(r) = -3*r - 4. Let s(m) = -m + 1. Let j(a) = b(a) + 5*s(a). Let u(x) = -x**2 - 5*x + 22. Let l be u(-8). What is the remainder when 32 is divided by j(l)?
15
What is the remainder when 671 is divided by ((-9)/4)/(16/(-320))?
41
Suppose 4*m = 2*m + 5*t + 25, t - 7 = -2*m. Suppose -147*l + 143*l + 92 = 0. What is the remainder when l is divided by m?
3
Suppose 79 + 299 = 18*l. What is the remainder when 377 is divided by l?
20
Suppose 0 = t + y - 225, 3*y - 263 = -4*t + 636. Calculate the remainder when t is divided by 38.
34
Suppose 2*b + 549 = 3*m, -m + 28*b + 172 = 31*b. Calculate the remainder when m is divided by 97.
84
Let z = 1938 - 1827. Calculate the remainder when z is divided by 41.
29
Suppose 0 = -9*n - 19*n + 476. Let a(b) = 2*b - 2. Let u be a(2). Suppose -2*y = -m - u*m + 103, -y = 4*m - 119. Calculate the remainder when m is divided by n.
14
Let i = -1609 + 2016. What is the remainder when i is divided by 18?
11
Suppose 3*t = m + 2*m + 3, -4*m = 3*t - 17. Suppose -4*s + 2*l + 41 = l, m*l = 3*s - 27. What is the remainder when 51 is divided by s?
7
Suppose -3*h + 416 = 4*t + 2*h, 0 = 2*t - 5*h - 178. Suppose -t = -n + 21. Calculate the remainder when n is divided by 41.
38
Suppose -1045 = -5*w + 5*g, 4*w - 446 = -2*g + 360. Suppose -3*u + 5*u - w = 0. What is the remainder when u is divided by 15?
12
Let y = 652 - 334. Calculate the remainder when y is divided by 14.
10
Let b(d) = -d**3 + 10*d**2 + 9*d + 13. Let x be b(11). Let r be (-6)/x + 127/3. Suppose -6*l + r = -5*l. What is the remainder when l is divided by 15?
13
Let x be (-4448)/(-72) - (-2)/9. Suppose x = -4*j + 178. Calculate the remainder when j is divided by 16.
13
Calculate the remainder when 1 + (-60)/(-5) + -4 is divided by 3/(-30)*6*-5.
0
Suppose -4*o + 8*o = -8. Let i be (-2)/2*142 - o. Let v = -83 - i. What is the remainder when v is divided by 15?
12
Let o(a) = -a - 17. Let r be o(-9). Let g = 12 + r. What is the remainder when 5 is divided by g?
1
Suppose 2*h + 39 = 119. Suppose -20 = -5*m + h. What is the remainder when 42 is divided by m?
6
Let d(n) = -n**3 - 21*n**2 + 20*n - 22. Suppose -61*b = -59*b - 130. What is the remainder when b is divided by d(-22)?
21
Let a be 0/(-1) - 2 - -5. What is the remainder when 24 is divided by 0 + a/5 - (-64)/10?
3
Let a = -80 - -137. Suppose -2*n = -3*n + 171. Suppose -14*b - n = -591. Calculate the remainder when a is divided by b.
27
Suppose -25*m + 226 = -124. Suppose 94 = p - l, l = -4*p + 2*l + 382. Calculate the remainder when p is divided by m.
12
Let a(r) = -r**3 - 3*r**2 - 7*r - 1. Let v(i) = i - 9. Let q be v(5). Suppose 92 + 18 = 5*w. Calculate the remainder when a(q) is divided by w.
21
Suppose -661 = -3*b - 205. Calculate the remainder when 447 is divided by b.
143
Let f = -29 - -28. Let x(n) = 4*n**2 + 3*n + 6. What is the remainder when x(5) is divided by f + 32 - (4 - 4)?
28
Suppose -10*g + 11*g - 44 = 3*u, -5*g + 181 = -2*u. What is the remainder when g is divided by 8?
3
Let w be (3*3)/(1 + -2 + 0). Let o = w + 66. Calculate the remainder when o is divided by 15.
12
Suppose 3*b - 1244 = -4*k - 0*b, -1244 = -4*k + b. What is the remainder when k is divided by 39?
38
Suppose 4*d + 1 = -3*m + 17, -4 = 2*m - d. Suppose -7*r + 4*r + 9 = m. What is the remainder when r is divided by 1?
0
Suppose -98*j - 112 = -114*j. What is the remainder when 14 is divided by j?
0
Let o(h) = -2*h + 90. Calculate the remainder when o(15) is divided by 4.
0
Let z(y) = -y**2 - 1. Suppose n + 4 = 7. Let u be z(n). Calculate the remainder when 8/(-10) + (-618)/u is divided by 16.
13
Suppose b - 75 = -2. Calculate the remainder when b is divided by 3.
1
What is the remainder when ((14 + 8)/11)/(2/1263) is divided by 55?
53
Let b = -28 - -25. Let g(f) = -f + 7. Calculate the remainder when 59 is divided by g(b).
9
Let j be (-2 - -91) + -3 - 2. Suppose -k = -2*n - 2 - 3, 4*n = 0. Suppose 3*t = k*t - j. What is the remainder when t is divided by 15?
12
Let x(p) = 5*p**2 + 30*p + 28. Calculate the remainder when x(-7) is divided by 50.
13
Let o = 103 - 87. Calculate the remainder when 71 is divided by o.
7
Let v = -11 - -26. Calculate the remainder when (-80)/(-6) + 10/v is divided by 6.
2
Suppose -49*x = -46*x + 5*l - 100, -33 = -x - 2*l. What is the remainder when 122 is divided by x?
17
Suppose 5*r + 5 = 0, 4*x - 2*r - 49 - 637 = 0. Calculate the remainder when x is divided by 33.
6
Suppose 7*v - 2*v + 77 = 4*y, 20 = y - 2*v. Suppose -y*l + 23*l = 270. Calculate the remainder when l is divided by 19.
16
Let s = -88 + 90. Let y(n) = n**2 + 2*n - 5. Calculate the remainder when 5 is divided by y(s).
2
Suppose 0 = 2*a - 2*x - 204 - 0, 207 = 2*a - x. Calculate the remainder when a is divided by 29.
18
Suppose 11 = 5*y + 1. Suppose -y*z + 8 = -3*h, -z = -0*h + h - 14. Suppose 5*w - 145 - z = 0. Calculate the remainder when w is divided by 17.
14
Let f be -1 - (8/(-20) + (-556)/10). Let c = f + -47. Let m(b) = 2*b**3 + b**2 - 3*b + 1. Calculate the remainder when m(2) is divided by c.
7
Suppose 0 = 60*u - 57*u - 2*i - 2331, 4*u - 2*i = 3106. Calculate the remainder when u is divided by 37.
35
Let w(c) = -6*c**2 + 40*c - 20. Let p(k) = 2*k**2 - 13*k + 7. Let a(q) = -17*p(q) - 6*w(q). Calculate the remainder when a(13) is divided by 19.
16
Let j = 76 + -48. Calculate the remainder when 56 is divided by j.
0
Let b = -214 + 613. Calculate the remainder when b is divided by 50.
49
Suppose -129 = -13*p + 729. What is the remainder when 71 is divided by p?
5
Let n = 130 - 120. What is the remainder when 18 is divided by n?
8
Let z = -174 + 245. Calculate the remainder when z is divided by (-4)/((-16)/10)*(-8 - -14).
11
Let r be (0 + -19 - -1)*(-3)/2. Let b = r - 12. Calculate the remainder when b is divided by 9.
6
Calculate the remainder when (13/(-26) - 0/(-2))*-218 is divided by 8.
5
Let j = 3 - -2. Let a be (-280)/16*(-8)/j. Suppose 3*u - 32 = a. What is the remainder when u is divided by 8?
4
Let p = 86 + -58. What is the remainder when 109 is divided by p?
25
Suppose 2*y = 4, -y - 38 = -3*a - 5*y. Let m(o) = -4*o - 6. Let g(n) = 4*n + 5. Let p(x) = 5*g(x) + 4*m(x). What is the remainder when p(a) is divided by 22?
19
Let d = -1 + 10. Suppose -32 = -x - 2*b + 1, x - 2*b = 17. Calculate the remainder when x is divided by d.
7
Suppose -2*m = 49 - 17. Let h = m + 22. Suppose -4 = -h*v + 86. What is the remainder when 28 is divided by v?
13
Let p be 1 + -3 + (-72)/(-1). Suppose h - 3*h + p = 0. What is the rema